n factor of 238123 and 112243.
1049
What is the greatest common divisor of 77175 and 16950?
75
What is the greatest common factor of 18688 and 254843?
73
Calculate the highest common factor of 192052549 and 848.
53
Calculate the greatest common divisor of 1196941 and 1271.
31
What is the greatest common divisor of 145002 and 196482?
858
Calculate the greatest common factor of 1252 and 30906872.
1252
Calculate the highest common factor of 35929605 and 75.
15
What is the highest common divisor of 44 and 26988500?
44
What is the highest common divisor of 669 and 6616633?
223
Calculate the highest common divisor of 327 and 39204357.
327
What is the greatest common divisor of 19704462 and 102?
102
What is the greatest common factor of 174508316 and 8752?
2188
Calculate the highest common factor of 204021990 and 63.
9
Calculate the greatest common divisor of 684 and 152676.
36
What is the highest common factor of 32 and 5094?
2
What is the greatest common factor of 28 and 22362445?
7
What is the greatest common divisor of 41 and 2018218604?
41
What is the highest common factor of 386396 and 14156750?
6662
What is the greatest common factor of 286 and 6380998?
26
Calculate the highest common factor of 35329 and 2303.
49
What is the highest common divisor of 2321324607 and 21?
21
Calculate the highest common divisor of 258628 and 46190330.
3154
Calculate the greatest common divisor of 853552 and 5684.
28
What is the highest common divisor of 9 and 3113049?
3
What is the greatest common divisor of 110957 and 184041?
121
What is the greatest common divisor of 154119 and 2984226?
861
What is the highest common divisor of 16072 and 192295453?
2009
Calculate the highest common divisor of 300 and 66160300.
100
Calculate the highest common divisor of 67353 and 2516943.
429
Calculate the highest common factor of 118 and 581530078.
118
Calculate the greatest common divisor of 4266951 and 663.
39
Calculate the greatest common divisor of 66630522 and 3.
3
What is the highest common divisor of 1544814 and 1216?
38
What is the highest common factor of 560 and 66529120?
560
Calculate the highest common divisor of 14607116 and 851.
23
What is the highest common divisor of 1098167070 and 1365?
1365
Calculate the greatest common factor of 65 and 42219931.
13
What is the greatest common factor of 3245210 and 1290?
430
Calculate the greatest common divisor of 19808 and 2910538.
1238
Calculate the greatest common factor of 855899 and 16318.
199
What is the greatest common divisor of 5350 and 38560?
10
Calculate the greatest common factor of 182964 and 82596.
12
Calculate the highest common divisor of 205479 and 69071.
289
What is the greatest common factor of 15326779 and 2902913?
15041
What is the highest common factor of 1889098028 and 228?
76
What is the highest common divisor of 93269 and 7645?
1529
What is the greatest common factor of 7 and 24568243?
7
What is the highest common divisor of 6561422 and 2584?
646
What is the highest common divisor of 6769902 and 8586?
318
What is the greatest common factor of 35 and 321895?
35
What is the highest common factor of 1155785307 and 93?
93
What is the greatest common divisor of 1398 and 59994471?
699
Calculate the greatest common divisor of 13080225 and 459.
51
Calculate the highest common divisor of 57324 and 1158006.
102
What is the highest common divisor of 121268 and 44835?
427
Calculate the highest common factor of 710947 and 126071.
73
What is the greatest common divisor of 140 and 29500660?
140
What is the highest common divisor of 4512 and 580497?
141
Calculate the highest common factor of 27552325 and 78325.
6025
Calculate the greatest common divisor of 3932802 and 738.
738
Calculate the highest common divisor of 1921842 and 9828.
234
Calculate the greatest common factor of 6177765 and 550.
55
Calculate the highest common divisor of 9319080 and 120.
120
Calculate the greatest common factor of 203963 and 1121.
59
What is the greatest common divisor of 90103606 and 940?
94
Calculate the highest common divisor of 118737240 and 84.
12
Calculate the greatest common factor of 37332628 and 116.
116
Calculate the highest common divisor of 17561486 and 2.
2
Calculate the greatest common divisor of 72433554 and 4188.
2094
Calculate the highest common divisor of 4594686 and 534.
6
What is the greatest common factor of 77605747 and 95?
19
What is the highest common divisor of 329784 and 130260?
156
Calculate the highest common divisor of 22602906 and 1116.
558
What is the highest common factor of 448037 and 1969?
179
Calculate the greatest common factor of 124242526 and 470.
94
Calculate the highest common divisor of 5850 and 15027350.
650
Calculate the highest common divisor of 6231 and 2574984.
93
What is the greatest common factor of 11270 and 34998985?
5635
What is the highest common factor of 1188 and 5847732?
396
Calculate the greatest common factor of 400 and 217876.
4
What is the greatest common factor of 5057 and 6363262?
389
Calculate the greatest common factor of 40752 and 21230094.
1698
What is the highest common factor of 8651 and 424321?
211
Calculate the greatest common divisor of 1112 and 20357384.
1112
Calculate the highest common divisor of 2803 and 1773410449.
2803
Calculate the highest common divisor of 10673060 and 760.
380
Calculate the highest common divisor of 1180 and 59090270.
590
What is the greatest common factor of 1722591 and 3393?
117
Calculate the greatest common divisor of 8508914 and 1902.
634
What is the greatest common factor of 884 and 5112614?
442
Calculate the highest common divisor of 4 and 88981592.
4
Calculate the highest common divisor of 10665859 and 8303.
437
Calculate the greatest common divisor of 258830 and 10595.
65
What is the greatest common factor of 1169 and 4668652?
167
Calculate the highest common divisor of 90 and 6271866.
18
Calculate the greatest common divisor of 4005 and 95991840.
4005
What is the greatest common divisor of 58980 and 103380?
60
Calculate the highest common factor of 6766632 and 192.
24
Calculate the highest common factor of 26 and 83824741.
13
Calculate the greatest common divisor of 2989244180 and 130.
130
Calculate the highest common divisor of 733476 and 54492.
228
What is the highest common factor of 19389 and 214122?
843
What is the highest common divisor of 1572 and 896856?
12
Calculate the greatest common factor of 2265339 and 759.
69
What is the highest common divisor of 184539924 and 162?
54
Calculate the greatest common divisor of 20980960 and 1430.
1430
Calculate the greatest common divisor of 1225 and 188060950.
175
What is the greatest common factor of 13105889 and 314?
157
Calculate the greatest common divisor of 12461546 and 3143.
449
Calculate the greatest common factor of 122030 and 1200.
10
Calculate the greatest common divisor of 7 and 367415.
1
Calculate the highest common factor of 11 and 701492627.
11
Calculate the greatest common factor of 36228 and 44.
4
What is the highest common factor of 3304410 and 184?
46
What is the greatest common factor of 816627 and 366744?
777
What is the greatest common divisor of 3370 and 3457270?
10
Calculate the greatest common factor of 4964 and 238034.
34
Calculate the greatest common divisor of 8445 and 23295.
15
What is the highest common divisor of 315786696 and 357?
51
What is the greatest common factor of 12283 and 10449027?
173
Calculate the highest common divisor of 4202 and 1014178.
22
Calculate the highest common divisor of 242018703 and 108.
9
Calculate the highest common divisor of 2763683 and 164217.
1273
Calculate the highest common divisor of 18388 and 4952.
4
What is the highest common factor of 928182 and 56952?
678
Calculate the greatest common divisor of 37925054 and 430.
86
What is the greatest common divisor of 8406 and 19260?
18
What is the highest common factor of 301104 and 324802?
1394
What is the highest common factor of 2 and 4244606?
2
Calculate the greatest common factor of 16077017 and 352.
11
Calculate the highest common divisor of 44798 and 40935034.
3446
Calculate the highest common divisor of 23771 and 30041.
11
Calculate the greatest common factor of 216153 and 5670315.
2961
What is the highest common divisor of 816 and 5941908?
204
What is the highest co